551
-150224 (base 7) to base 3
-1110200102
-102321 (base 8) to base 15
-a11b
Convert 13143 (base 7) to base 9.
4730
What is -1311323 (base 4) in base 15?
-2382
-122176 (base 9) to base 8
-220063
72b (base 15) to base 12
b28
Convert 766 (base 11) to base 12.
647
13 (base 6) to base 4
21
Convert 12350 (base 6) to base 10.
1866
-3b9 (base 12) to base 3
-210020
130 (base 6) to base 3
2000
Convert 16799 (base 12) to base 4.
13313211
-736 (base 14) to base 16
-58c
Convert 475b (base 13) to base 12.
5993
What is -630 (base 9) in base 3?
-201000
What is 270 (base 14) in base 5?
3430
What is -103012 (base 4) in base 16?
-4c6
Convert 4a8 (base 11) to base 10.
602
Convert -2211100022 (base 3) to base 10.
-55655
Convert 1035 (base 6) to base 11.
1a8
Convert -5273 (base 8) to base 10.
-2747
1385 (base 9) to base 15
49e
-5ed3 (base 15) to base 14
-7527
730 (base 13) to base 9
1607
Convert -1a17 (base 13) to base 11.
-2a32
140 (base 5) to base 12
39
Convert -390 (base 12) to base 6.
-2300
110120 (base 3) to base 4
11103
What is 27465 (base 8) in base 6?
131541
41d (base 15) to base 6
4144
267 (base 10) to base 6
1123
Convert -120021 (base 3) to base 10.
-412
452c (base 13) to base 8
22707
What is -22ba (base 15) in base 16?
-1ccf
Convert 110001111101 (base 2) to base 8.
6175
-29b2 (base 12) to base 10
-4886
What is -3323022 (base 4) in base 16?
-3eca
-2014 (base 6) to base 7
-1201
What is -1126 (base 8) in base 13?
-370
110335 (base 6) to base 14
34d5
Convert 24403 (base 6) to base 4.
320103
Convert -1252 (base 7) to base 6.
-2114
934 (base 15) to base 4
200122
-231011 (base 5) to base 15
-26a6
Convert -17890 (base 10) to base 6.
-214454
Convert 46057 (base 10) to base 14.
12adb
What is -486 (base 9) in base 10?
-402
What is 1b3b (base 16) in base 4?
1230323
-304302 (base 5) to base 14
-38ac
Convert 236a (base 11) to base 3.
11020212
Convert a254 (base 12) to base 3.
220012001
113 (base 6) to base 9
50
What is -3701 (base 8) in base 10?
-1985
What is 9a6e (base 15) in base 16?
7fd9
What is -8121 (base 12) in base 15?
-422d
-10222 (base 6) to base 7
-4013
Convert 130501 (base 6) to base 12.
6a31
What is -2ae (base 16) in base 10?
-686
1dd9 (base 14) to base 2
1010101101011
Convert 201012 (base 3) to base 10.
518
Convert 7b (base 15) to base 13.
8c
What is c6 (base 13) in base 15?
ac
Convert 1162 (base 15) to base 12.
2178
Convert -414 (base 14) to base 4.
-30202
310011 (base 4) to base 5
101313
What is -4023 (base 5) in base 12?
-369
8213 (base 9) to base 11
4570
Convert 2225 (base 15) to base 5.
212420
What is 13002122 (base 4) in base 16?
709a
-18475 (base 13) to base 15
-dd74
162525 (base 7) to base 5
2012123
What is -3342 (base 5) in base 7?
-1243
-7371 (base 10) to base 9
-11100
-4420332 (base 5) to base 2
-10010101000110110
What is -3211 (base 4) in base 10?
-229
What is -10213 (base 5) in base 3?
-221022
What is -221 (base 6) in base 13?
-67
10101120 (base 3) to base 10
2472
What is 3221 (base 5) in base 15?
1e1
What is -100022 (base 4) in base 12?
-722
Convert -112121221 (base 3) to base 14.
-3c59
What is 23400 (base 5) in base 10?
1725
-3788 (base 12) to base 15
-1ceb
-33499 (base 11) to base 10
-48508
What is -2436 (base 7) in base 8?
-1615
What is 565 (base 9) in base 4?
13100
What is 10111011100 (base 2) in base 13?
8b5
202a (base 12) to base 14
13b4
What is 13300 (base 8) in base 7?
22660
-113132 (base 4) to base 16
-5de
What is 1111221 (base 4) in base 6?
41213
What is 4871 (base 10) in base 5?
123441
What is 157 (base 8) in base 14?
7d
What is -122435 (base 8) in base 15?
-c7ce
What is -163 (base 15) in base 12?
-226
-13002 (base 6) to base 2
-11110011010
-20002102 (base 3) to base 8
-10527
5121 (base 9) to base 4
322201
Convert 302 (base 4) to base 6.
122
What is -38613 (base 10) in base 16?
-96d5
What is -21810 (base 11) in base 12?
-16348
Convert 6833 (base 9) to base 7.
20505
Convert -4a6 (base 13) to base 11.
-679
Convert -1505 (base 6) to base 4.
-12101
-12000001 (base 3) to base 15
-1131
What is -257 (base 10) in base 14?
-145
Convert 467 (base 10) to base 14.
255
-2011202 (base 3) to base 12
-b02
100010110000 (base 2) to base 6
14144
What is e8d (base 15) in base 13?
1657
What is 1443412 (base 5) in base 4?
13212003
-10520 (base 6) to base 7
-4224
What is -202 (base 12) in base 15?
-145
Convert 1320100 (base 4) to base 8.
17020
Convert -1735 (base 11) to base 14.
-b44
-14887 (base 10) to base 8
-35047
Convert -11213 (base 4) to base 8.
-547
26603 (base 7) to base 4
1233311
Convert -a72 (base 16) to base 3.
-10200001
11110000010110 (base 2) to base 16
3c16
Convert -21f3 (base 16) to base 8.
-20763
2523 (base 6) to base 9
766
Convert 18f (base 16) to base 8.
617
What is -41344 (base 6) in base 15?
-1991
-1222121020 (base 3) to base 4
-21202203
What is -e4b6 (base 15) in base 7?
-260610
Convert 1020 (base 5) to base 9.
160
Convert -11654 (base 8) to base 13.
-23a5
What is 132d6 (base 14) in base 11?
32535
What is -12723 (base 8) in base 5?
-134322
7375 (base 10) to base 5
214000
Convert -42 (base 13) to base 15.
-39
Convert -16985 (base 12) to base 5.
-2020001
Convert 11201120 (base 3) to base 10.
3444
What is -10012 (base 3) in base 9?
-105
26c2 (base 15) to base 12
4962
What is -964 (base 11) in base 7?
-3244
32330332 (base 4) to base 8
167476
2b21 (base 12) to base 2
1001111001001
-3392 (base 12) to base 8
-13136
-807 (base 9) to base 6
-3011
-10000111101101 (base 2) to base 4
-2013231
What is 101d (base 15) in base 9?
4601
What is -241 (base 15) in base 11?
-425
b124 (base 12) to base 4
10223230
Convert 3b9 (base 12) to base 9.
706
What is -210120212 (base 3) in base 11?
-10907
What is 5650 (base 16) in base 3?
1010022101
Convert 12130 (base 6) to base 4.
123312
What is -6511 (base 7) in base 6?
-14411
Convert -42393 (base 10) to base 6.
-524133
111010100011000 (base 2) to base 7
153252
Convert -130 (base 4) to base 9.
-31
Convert 2155 (base 6) to base 12.
35b
Convert -381 (base 11) to base 4.
-13010
-1110111010 (base 2) to base 11
-798
What is 767 (base 11) in base 15?
415
-14416 (base 7) to base 3
-12110111
9018 (base 16) to base 11
25795
What is -6502 (base 14) in base 3?
-212221011
68 (base 13) to base 2
1010110
What is 2145 (base 16) in base 9?
12613
110005 (base 7) to base 10
19213
516 (base 9) to base 4
12210
What is -505 (base 11) in base 16?
-262
1b73 (base 12) to base 9
4586
What is -130032 (base 4) in base 16?
-70e
Convert -41421 (base 5) to base 10.
-2736
1427 (base 8) to base 7
2210
-1234 (base 10) to base 14
-642
2003 (base 10) to base 14
a31
1989 (base 13) to base 11
2973
5191 (base 10) to base 4
1101013
-15201 (base 6) to base 9
-3321
What is 6372 (base 13) in base 3?
200220110
What is -805 (base 14) in base 9?
-2137
What is 13ca4 (base 14) in base 5?
3033034
What is -5210 (base 10) in base 7?
-21122
Convert 302300 (base 4) to base 7.
12320
What is -1021022220 (base 3) in base 15?
-7636
What is -5803 (base 9) in base 13?
-1c56
2248 (base 12) to base 15
11d5
What is -368 (base 9) in base 7?
-614
Convert 1249 (base 14) to base 6.
22453
What is 2552 (base 6) in base 13?
3a7
Convert -122100222 (base 3) to base 11.
-9571
-324153 (base 6) to base 9
-40746
Convert -1213 (base 7) to base 4.
-13003
What is 4663 (base 9) in base 11?
2665
What is -463 (base 12) in base 13?
-3b1
What is 658 (base 14) in base 8?
2346
Convert 10121 (base 5) to base 6.
3021
What is 3310322 (base 4) in base 6?
200322
What is 2312312 (base 4) in base 10?
11702
Convert 36d (base 15) to base 11.
648
-3822 (base 9) to base 6
-21115
Convert -443 (base 16) to base 4.
-101003
-89 (base 11) to base 13
-76
What is -2112012 (base 3) in base 5?
-24331
What is b8d (base 14) in base 13?
1066
Convert 2008 (base 13) to base 15.
1487
Convert -2272 (base 11) to base 6.
-21451
Convert -13887 (base 10) to base 3.
-201001100
-10a7c (base 15) to base 10
-52992
Convert -100 (base 9) to base 16.
-51
Convert a (base 11) to base 8.
12
Convert 100001000111 (base 2) to base 8.
4107
16638 (base 9) to base 7
45254
What is 1331043 (base 5) in base 15?
8018
Convert -132410 (base 5) to base 13.
-258c
-51b (base 14) to base 12
-6b9
Convert 455 (base 12) to base 2.
1010000001
Convert 609 (base 10) to base 11.
504
Convert 11100011111 (base 2) to base 4.
130133
What is 658 (base 9) 